ase 14) in base 7?
32
Convert -1 (base 2) to base 16.
-1
61 (base 14) to base 5
320
What is -30 (base 12) in base 3?
-1100
Convert 8 (base 14) to base 11.
8
What is -500 (base 8) in base 15?
-165
-11 (base 4) to base 15
-5
Convert -186 (base 11) to base 16.
-d7
Convert 11001 (base 2) to base 11.
23
Convert 21 (base 8) to base 13.
14
What is 233 (base 4) in base 11?
43
Convert 14 (base 5) to base 14.
9
-1 (base 16) to base 11
-1
What is 222 (base 10) in base 9?
266
305 (base 6) to base 15
78
Convert 0 (base 7) to base 15.
0
Convert -47 (base 8) to base 10.
-39
What is 24 (base 10) in base 15?
19
Convert 22 (base 3) to base 13.
8
What is -5 (base 14) in base 10?
-5
-202 (base 5) to base 16
-34
Convert 10000010 (base 2) to base 8.
202
What is -4 (base 11) in base 3?
-11
What is 5 (base 13) in base 15?
5
-44 (base 7) to base 12
-28
What is -140 (base 5) in base 7?
-63
Convert -5 (base 11) to base 6.
-5
Convert 1 (base 13) to base 2.
1
What is 4 (base 7) in base 10?
4
Convert -34 (base 10) to base 12.
-2a
10 (base 10) to base 6
14
0 (base 5) to base 14
0
Convert -3 (base 7) to base 15.
-3
-4 (base 12) to base 9
-4
-1 (base 15) to base 2
-1
Convert -c6 (base 14) to base 3.
-20110
What is -2 (base 16) in base 13?
-2
Convert -2 (base 9) to base 15.
-2
Convert 2 (base 15) to base 7.
2
What is -1 (base 14) in base 9?
-1
Convert 27 (base 12) to base 4.
133
Convert 3 (base 8) to base 7.
3
What is -128 (base 9) in base 14?
-79
What is -4 (base 15) in base 10?
-4
-42 (base 9) to base 15
-28
-32 (base 15) to base 2
-101111
Convert -148 (base 13) to base 2.
-11100101
Convert 2101 (base 3) to base 8.
100
What is 2 (base 5) in base 11?
2
-37 (base 9) to base 11
-31
What is -33 (base 5) in base 7?
-24
-154 (base 16) to base 15
-17a
Convert 92 (base 12) to base 14.
7c
Convert -54 (base 7) to base 6.
-103
Convert -182 (base 15) to base 6.
-1335
-40 (base 5) to base 7
-26
1 (base 5) to base 3
1
Convert 2 (base 11) to base 10.
2
What is -1 (base 10) in base 13?
-1
Convert -11 (base 5) to base 4.
-12
Convert -1011100 (base 2) to base 15.
-62
20 (base 5) to base 6
14
What is 1 (base 15) in base 7?
1
-2 (base 8) to base 2
-10
Convert 1 (base 11) to base 13.
1
-2210 (base 4) to base 7
-323
What is -5 (base 9) in base 8?
-5
1 (base 16) to base 7
1
Convert 12 (base 6) to base 8.
10
What is 244 (base 5) in base 4?
1022
Convert -6 (base 16) to base 7.
-6
What is 3 (base 6) in base 3?
10
Convert -171 (base 12) to base 3.
-22111
What is 7 (base 16) in base 8?
7
Convert -3 (base 8) to base 13.
-3
140 (base 7) to base 6
205
What is 1a7 (base 12) in base 14?
155
Convert 335 (base 6) to base 9.
155
Convert -3 (base 12) to base 13.
-3
3 (base 9) to base 6
3
Convert -1 (base 9) to base 16.
-1
What is 1 (base 2) in base 14?
1
-200 (base 3) to base 11
-17
Convert -73 (base 10) to base 12.
-61
What is -3 (base 6) in base 4?
-3
54 (base 15) to base 4
1033
Convert -10001010 (base 2) to base 9.
-163
-1 (base 6) to base 4
-1
-5 (base 8) to base 7
-5
Convert -2 (base 6) to base 4.
-2
1b (base 16) to base 15
1c
Convert 30 (base 7) to base 15.
16
-152 (base 10) to base 7
-305
-6c (base 14) to base 15
-66
Convert -40 (base 5) to base 7.
-26
Convert 3 (base 4) to base 13.
3
1 (base 10) to base 9
1
3 (base 7) to base 9
3
What is -11100 (base 2) in base 13?
-22
26 (base 14) to base 16
22
Convert -22 (base 11) to base 14.
-1a
What is -9 (base 10) in base 11?
-9
What is 3 (base 7) in base 12?
3
Convert -4 (base 16) to base 13.
-4
0 (base 16) to base 6
0
What is 13 (base 5) in base 2?
1000
Convert -3 (base 16) to base 12.
-3
Convert 5 (base 11) to base 2.
101
3 (base 8) to base 15
3
11 (base 2) to base 12
3
Convert -3a (base 14) to base 7.
-103
-1210 (base 3) to base 16
-30
-2 (base 5) to base 7
-2
-3 (base 12) to base 14
-3
Convert 1 (base 5) to base 8.
1
201 (base 3) to base 7
25
-2 (base 7) to base 14
-2
Convert -2 (base 13) to base 2.
-10
Convert 174 (base 8) to base 4.
1330
What is 1 (base 8) in base 9?
1
-a (base 16) to base 7
-13
Convert -10a (base 12) to base 11.
-130
12 (base 6) to base 11
8
Convert 14 (base 6) to base 16.
a
Convert -473 (base 8) to base 15.
-160
What is 10 (base 12) in base 7?
15
What is -2 (base 5) in base 2?
-10
Convert 20 (base 3) to base 15.
6
Convert 1202 (base 3) to base 15.
32
Convert 2 (base 14) to base 2.
10
-185 (base 12) to base 3
-100002
Convert -aa (base 16) to base 7.
-332
-1 (base 9) to base 15
-1
What is -23 (base 13) in base 3?
-1002
Convert -225 (base 9) to base 4.
-2321
-34 (base 5) to base 14
-15
Convert -314 (base 5) to base 15.
-59
Convert -16 (base 15) to base 13.
-18
Convert 22 (base 6) to base 8.
16
Convert -1000100 (base 2) to base 14.
-4c
Convert -3 (base 5) to base 13.
-3
Convert -2 (base 12) to base 3.
-2
What is -2 (base 8) in base 16?
-2
-14 (base 7) to base 5
-21
Convert -5 (base 12) to base 4.
-11
Convert 1002 (base 3) to base 8.
35
Convert -4 (base 14) to base 12.
-4
Convert -3 (base 11) to base 4.
-3
Convert -555 (base 7) to base 6.
-1153
What is 3 (base 12) in base 8?
3
Convert 2 (base 10) to base 12.
2
What is 2 (base 5) in base 12?
2
What is -2 (base 5) in base 13?
-2
What is -1 (base 14) in base 9?
-1
What is 5 (base 16) in base 7?
5
b (base 13) to base 6
15
4 (base 7) to base 11
4
-6 (base 12) to base 9
-6
What is 5 (base 14) in base 15?
5
What is 2 (base 5) in base 11?
2
Convert -110 (base 5) to base 2.
-11110
What is -3 (base 8) in base 10?
-3
200 (base 4) to base 16
20
134 (base 10) to base 3
11222
10110 (base 2) to base 11
20
Convert -19 (base 12) to base 16.
-15
Convert -36 (base 13) to base 15.
-30
-34 (base 7) to base 2
-11001
Convert -14 (base 11) to base 3.
-120
Convert 6 (base 16) to base 3.
20
What is 4 (base 15) in base 7?
4
What is -53 (base 11) in base 12?
-4a
Convert a7 (base 15) to base 3.
12211
2 (base 15) to base 12
2
What is -e (base 15) in base 8?
-16
What is -1 (base 13) in base 2?
-1
2220 (base 4) to base 8
250
What is 123 (base 5) in base 6?
102
Convert b (base 12) to base 11.
10
Convert 135 (base 6) to base 9.
65
What is -53 (base 7) in base 14?
-2a
Convert -49 (base 10) to base 3.
-1211
What is -3120 (base 4) in base 9?
-260
2 (base 11) to base 15
2
Convert -32 (base 16) to base 9.
-55
What is -5 (base 11) in base 13?
-5
Convert 2 (base 12) to base 11.
2
-240 (base 6) to base 3
-10120
Convert 9 (base 14) to base 16.
9
What is 3 (base 13) in base 14?
3
What is 9 (base 10) in base 8?
11
Convert 1000 (base 3) to base 11.
25
What is -4 (base 15) in base 2?
-100
What is -11 (base 6) in base 8?
-7
What is 120 (base 3) in base 5?
30
Convert 138 (base 13) to base 6.
1000
What is -40 (base 12) in base 6?
-120
What is 20 (base 7) in base 5?
24
Convert 152 (base 6) to base 8.
104
Convert 11 (base 4) to base 10.
5
Convert 1 (base 3) to base 2.
1
Convert -16 (base 9) to base 15.
-10
Convert -220 (base 3) to base 10.
-24
What is -111 (base 2) in base 8?
-7
What is 402 (base 6) in base 7?
266
What is 10 (base 4) in base 15?
4
10 (base 5) to base 12
5
-7 (base 15) to base 12
-7
What is 49 (base 13) in base 5?
221
Convert -1 (base 8) to base 13.
-1
What is 8 (base 15) in base 11?
8
What is 149 (base 11) in base 10?
174
-45 (base 8) to base 5
-122
What is -86 (base 9) in base 8?
-116
8 (base 9) to base 10
8
1 (base 7) to base 10
1
Convert 2 (base 4) to base 11.
2
3 (base 5) to base 15
3
-2 (base 3) to base 15
-2
What is -131 (base 4) in base 5?
-104
What is -10 (base 13) in base 16?
-d
What is -2 (base 10) in base 8?
-2
163 (base 8) to base 5
430
Convert -52 (base 7) to base 4.
-211
Convert 2002 (base 3) to base 16.
38
1111 (base 2) to base 16
f
Convert 17 (base 10) to base 3.
122
What is 222 (base 3) in base 2?
11010
1 (base 5) to base 12
1
What is -10 (base 6) in base 14?
-6
-112 (base 7) to base 9
-64
What is 2 (base 5) in base 10?
2
What is 54 (base 9) in base 13?
3a
What is -1 (base 11) in base 10?
-1
What is 5 (base 6) in base 10?
5
What is -10 (base 3) in base 13?
-3
Convert -103 (base 6) to base 16.
-27
28 (base 11) to base 14
22
What is 3 (base 12) in base 6?
3
What is -100001 (base 2) in base 6?
-53
-1 (base 15) to base 5
-1
Convert 28 (base 13) to base 9.
37
2 (base 12) to base 9
2
What is 0 (base 9) in base 13?
0
Convert 4 (base 5) to base 2.
100
Convert -7 (base 9) to base 11.
-7
-1 (base 14) to base 6
-1
-1